of 6025 and 964.
241
Calculate the greatest common factor of 180 and 100.
20
What is the highest common divisor of 1592 and 5373?
199
What is the greatest common divisor of 459 and 17?
17
Calculate the greatest common divisor of 3154 and 38.
38
Calculate the highest common divisor of 48 and 348.
12
What is the highest common divisor of 18452 and 56?
28
Calculate the greatest common divisor of 2 and 1152.
2
What is the highest common factor of 220 and 572?
44
Calculate the highest common divisor of 3 and 159.
3
Calculate the highest common factor of 434 and 84.
14
Calculate the greatest common divisor of 160 and 20.
20
What is the highest common divisor of 100 and 8?
4
Calculate the greatest common divisor of 64 and 14528.
64
What is the highest common factor of 19838 and 546?
182
Calculate the highest common factor of 180 and 80.
20
What is the highest common divisor of 16 and 1024?
16
Calculate the greatest common factor of 18711 and 77.
77
What is the greatest common factor of 196 and 931?
49
Calculate the highest common factor of 45 and 234.
9
Calculate the greatest common factor of 840 and 195.
15
Calculate the greatest common divisor of 33 and 264.
33
Calculate the greatest common factor of 24 and 360.
24
Calculate the greatest common divisor of 21 and 16359.
21
Calculate the highest common divisor of 2086 and 126.
14
What is the highest common divisor of 560 and 120?
40
Calculate the greatest common divisor of 3749 and 92.
23
What is the highest common factor of 480 and 18080?
160
What is the greatest common divisor of 9 and 4?
1
Calculate the greatest common factor of 22 and 374.
22
Calculate the greatest common factor of 39 and 897.
39
What is the greatest common factor of 365 and 40?
5
What is the highest common divisor of 480 and 15?
15
Calculate the highest common divisor of 129 and 5.
1
Calculate the highest common divisor of 238 and 34.
34
What is the highest common divisor of 117 and 27?
9
Calculate the highest common factor of 35 and 91.
7
Calculate the highest common factor of 14 and 420.
14
Calculate the highest common divisor of 344 and 8.
8
What is the greatest common factor of 2744 and 56?
56
What is the highest common factor of 240 and 2490?
30
Calculate the greatest common factor of 11 and 1639.
11
What is the greatest common divisor of 14196 and 84?
84
What is the greatest common factor of 117 and 108?
9
Calculate the greatest common divisor of 77 and 35.
7
What is the greatest common factor of 390 and 24?
6
Calculate the greatest common factor of 80 and 250.
10
Calculate the highest common factor of 662 and 2.
2
Calculate the greatest common factor of 3 and 363.
3
Calculate the greatest common factor of 118 and 413.
59
What is the highest common divisor of 664 and 32?
8
Calculate the greatest common factor of 121 and 65461.
121
What is the greatest common factor of 88 and 472?
8
What is the greatest common factor of 36 and 20?
4
What is the highest common factor of 2907 and 304?
19
Calculate the highest common divisor of 17782 and 34.
34
What is the greatest common divisor of 650 and 50?
50
Calculate the greatest common divisor of 35 and 280.
35
What is the greatest common divisor of 39 and 351?
39
What is the highest common divisor of 1508 and 1566?
58
What is the highest common factor of 68 and 14824?
68
Calculate the highest common factor of 72 and 24.
24
Calculate the highest common divisor of 8977 and 188.
47
Calculate the greatest common divisor of 92 and 138.
46
Calculate the highest common divisor of 130 and 52.
26
Calculate the greatest common factor of 329 and 105.
7
What is the greatest common factor of 62 and 1178?
62
What is the highest common factor of 306 and 442?
34
Calculate the highest common factor of 17 and 85.
17
What is the highest common divisor of 9 and 23868?
9
Calculate the highest common divisor of 15 and 200.
5
What is the highest common divisor of 7 and 497?
7
What is the greatest common factor of 12704 and 397?
397
Calculate the greatest common divisor of 92 and 4.
4
Calculate the highest common divisor of 4 and 2276.
4
What is the highest common divisor of 192 and 1344?
192
What is the greatest common divisor of 20 and 368?
4
What is the greatest common factor of 169 and 17407?
169
Calculate the greatest common divisor of 405 and 18.
9
Calculate the highest common factor of 133 and 19.
19
Calculate the greatest common factor of 7 and 1.
1
What is the greatest common factor of 656 and 320?
16
What is the greatest common divisor of 3177 and 171?
9
What is the highest common divisor of 77 and 161?
7
What is the highest common divisor of 42 and 238?
14
What is the highest common factor of 4491 and 9?
9
Calculate the highest common factor of 2574 and 88.
22
Calculate the highest common factor of 1065 and 420.
15
Calculate the highest common divisor of 34063 and 92.
23
What is the greatest common factor of 7 and 287?
7
Calculate the highest common divisor of 880 and 11.
11
What is the greatest common factor of 42 and 28686?
42
What is the highest common divisor of 195 and 260?
65
What is the greatest common divisor of 28 and 168?
28
Calculate the greatest common divisor of 1134 and 36.
18
What is the greatest common factor of 2324 and 28?
28
Calculate the highest common factor of 1961 and 53.
53
Calculate the highest common divisor of 1664 and 221.
13
What is the highest common factor of 702 and 377?
13
Calculate the greatest common divisor of 1651 and 1397.
127
Calculate the greatest common factor of 18 and 171.
9
Calculate the highest common divisor of 152 and 38.
38
What is the greatest common factor of 120 and 45?
15
Calculate the greatest common divisor of 61915 and 610.
305
What is the greatest common factor of 44 and 33?
11
What is the highest common factor of 732 and 7808?
244
What is the greatest common factor of 45 and 1875?
15
What is the highest common factor of 132 and 33?
33
What is the highest common factor of 101 and 505?
101
What is the greatest common factor of 388 and 112?
4
Calculate the highest common divisor of 165 and 297.
33
Calculate the highest common divisor of 35 and 350.
35
What is the highest common divisor of 96 and 12?
12
What is the greatest common divisor of 54 and 864?
54
Calculate the greatest common divisor of 4 and 6.
2
What is the greatest common factor of 352 and 11?
11
What is the highest common factor of 6 and 78?
6
What is the highest common factor of 6 and 426?
6
What is the greatest common divisor of 70 and 90?
10
Calculate the greatest common divisor of 1326 and 238.
34
What is the highest common divisor of 178 and 2225?
89
What is the greatest common divisor of 60 and 192?
12
Calculate the highest common factor of 6 and 486.
6
What is the highest common factor of 56 and 77?
7
Calculate the highest common divisor of 54 and 162.
54
What is the greatest common divisor of 5 and 55?
5
What is the greatest common divisor of 837 and 27?
27
What is the greatest common factor of 20 and 15?
5
What is the highest common factor of 2192 and 80?
16
What is the greatest common factor of 174 and 6?
6
What is the greatest common divisor of 7592 and 1456?
104
Calculate the highest common divisor of 43592 and 8.
8
Calculate the greatest common factor of 8 and 1376.
8
Calculate the greatest common factor of 25 and 6025.
25
What is the greatest common divisor of 279 and 16368?
93
What is the highest common factor of 3 and 321?
3
Calculate the highest common factor of 666 and 18.
18
What is the highest common divisor of 184 and 115?
23
What is the greatest common factor of 21 and 133?
7
Calculate the greatest common factor of 88 and 216.
8
What is the highest common divisor of 38 and 23522?
38
Calculate the greatest common factor of 1809 and 67.
67
Calculate the highest common factor of 8471 and 215.
43
What is the greatest common divisor of 5049 and 99?
99
What is the greatest common factor of 81 and 15?
3
What is the highest common divisor of 1130 and 20?
10
Calculate the highest common factor of 575 and 325.
25
Calculate the greatest common divisor of 228 and 36.
12
Calculate the greatest common divisor of 1260 and 63.
63
What is the greatest common factor of 94562 and 52?
26
What is the greatest common factor of 1449 and 819?
63
Calculate the greatest common fac